{"id":2282,"date":"2026-02-19T11:09:13","date_gmt":"2026-02-19T16:09:13","guid":{"rendered":"https:\/\/ciberdata.com.pe\/?post_type=product&#038;p=2282"},"modified":"2026-02-19T12:13:44","modified_gmt":"2026-02-19T17:13:44","slug":"ezviz-t30-tomacorriente-inteligente-10a","status":"publish","type":"product","link":"https:\/\/ciberdata.com.pe\/index.php\/producto\/ezviz-t30-tomacorriente-inteligente-10a\/","title":{"rendered":"EZVIZ T30 TOMACORRIENTE INTELIGENTE Wi-Fi de 2.4 GHz"},"content":{"rendered":"<h1><span style=\"color: #00ccff;\"><strong>CARACTERISTICAS \u2713<\/strong><\/span><\/h1>\n<ul>\n<li>Ideal para<strong> luces, ventiladores, equipos inform\u00e1ticos y c\u00e1maras de seguridad.<\/strong><\/li>\n<li>Compatible con <strong>Wi-Fi de 2.4 GHz<\/strong> para conexi\u00f3n estable.<\/li>\n<li>Funci\u00f3n de <strong>horarios y temporizador<\/strong> para automatizar encendido y apagado.<\/li>\n<li><strong>Monitoreo de consumo de energ\u00eda en tiempo real<\/strong> con reportes detallados.<\/li>\n<li><strong>Ahorro de energ\u00eda<\/strong> al optimizar el uso de dispositivos conectados.<\/li>\n<li><strong>Control por voz<\/strong> mediante Google Assistant y Amazon Alexa.<\/li>\n<li><b style=\"color: #ff0000;\"><img loading=\"lazy\" decoding=\"async\" class=\"wp-image-2283 alignright\" role=\"img\" src=\"https:\/\/ciberdata.com.pe\/wp-content\/uploads\/2026\/02\/LOGO-EZVIZ-300x76.png\" alt=\"\" width=\"267\" height=\"68\" srcset=\"https:\/\/ciberdata.com.pe\/wp-content\/uploads\/2026\/02\/LOGO-EZVIZ-300x76.png 300w, https:\/\/ciberdata.com.pe\/wp-content\/uploads\/2026\/02\/LOGO-EZVIZ-1024x260.png 1024w, https:\/\/ciberdata.com.pe\/wp-content\/uploads\/2026\/02\/LOGO-EZVIZ-768x195.png 768w, https:\/\/ciberdata.com.pe\/wp-content\/uploads\/2026\/02\/LOGO-EZVIZ-1536x391.png 1536w, https:\/\/ciberdata.com.pe\/wp-content\/uploads\/2026\/02\/LOGO-EZVIZ-2048x521.png 2048w, https:\/\/ciberdata.com.pe\/wp-content\/uploads\/2026\/02\/LOGO-EZVIZ-1200x305.png 1200w, https:\/\/ciberdata.com.pe\/wp-content\/uploads\/2026\/02\/LOGO-EZVIZ-150x38.png 150w\" sizes=\"auto, (max-width: 267px) 100vw, 267px\" \/><\/b>Control remoto de electrodom\u00e9sticos desde la aplicaci\u00f3n m\u00f3vil EZVIZ.<\/li>\n<li><strong>Resistencia al fuego hasta 750\u00b0C<\/strong> para mayor seguridad.<\/li>\n<li>F\u00e1cil<strong> instalaci\u00f3n<\/strong> y uso, pensado para hogares y oficinas inteligentes.<span style=\"color: #ff0000;\"><b><br \/>\n<\/b><\/span><\/li>\n<\/ul>\n","protected":false},"excerpt":{"rendered":"<p>CARACTERISTICAS \u2713 Ideal para luces, ventiladores, equipos inform\u00e1ticos y c\u00e1maras de seguridad. Compatible con Wi-Fi de 2.4 GHz para conexi\u00f3n<\/p>\n","protected":false},"featured_media":2284,"comment_status":"open","ping_status":"closed","template":"","meta":[],"product_brand":[135],"product_cat":[182],"product_tag":[],"class_list":{"0":"post-2282","1":"product","2":"type-product","3":"status-publish","4":"has-post-thumbnail","6":"product_brand-ezviz","7":"product_cat-accesorios-de-camaras-de-seguridad","9":"first","10":"instock","11":"sale","12":"taxable","13":"shipping-taxable","14":"purchasable","15":"product-type-simple"},"_links":{"self":[{"href":"https:\/\/ciberdata.com.pe\/index.php\/wp-json\/wp\/v2\/product\/2282","targetHints":{"allow":["GET"]}}],"collection":[{"href":"https:\/\/ciberdata.com.pe\/index.php\/wp-json\/wp\/v2\/product"}],"about":[{"href":"https:\/\/ciberdata.com.pe\/index.php\/wp-json\/wp\/v2\/types\/product"}],"replies":[{"embeddable":true,"href":"https:\/\/ciberdata.com.pe\/index.php\/wp-json\/wp\/v2\/comments?post=2282"}],"wp:featuredmedia":[{"embeddable":true,"href":"https:\/\/ciberdata.com.pe\/index.php\/wp-json\/wp\/v2\/media\/2284"}],"wp:attachment":[{"href":"https:\/\/ciberdata.com.pe\/index.php\/wp-json\/wp\/v2\/media?parent=2282"}],"wp:term":[{"taxonomy":"product_brand","embeddable":true,"href":"https:\/\/ciberdata.com.pe\/index.php\/wp-json\/wp\/v2\/product_brand?post=2282"},{"taxonomy":"product_cat","embeddable":true,"href":"https:\/\/ciberdata.com.pe\/index.php\/wp-json\/wp\/v2\/product_cat?post=2282"},{"taxonomy":"product_tag","embeddable":true,"href":"https:\/\/ciberdata.com.pe\/index.php\/wp-json\/wp\/v2\/product_tag?post=2282"}],"curies":[{"name":"wp","href":"https:\/\/api.w.org\/{rel}","templated":true}]}}