{"id":2252,"date":"2026-02-16T18:15:14","date_gmt":"2026-02-16T23:15:14","guid":{"rendered":"https:\/\/ciberdata.com.pe\/?post_type=product&#038;p=2252"},"modified":"2026-02-16T18:33:45","modified_gmt":"2026-02-16T23:33:45","slug":"hikvision-pt-2mp-smart-hybrid-light-con-audio-bidireccional-ir-25m","status":"publish","type":"product","link":"https:\/\/ciberdata.com.pe\/index.php\/producto\/hikvision-pt-2mp-smart-hybrid-light-con-audio-bidireccional-ir-25m\/","title":{"rendered":"HIKVISION PT 2MP ,SMART HYBRID LIGHT CON AUDIO BIDIRECCIONAL IR 25M"},"content":{"rendered":"<h1><span style=\"color: #ff0000;\"><strong>CARACTERISTICAS \u2713<\/strong><\/span><\/h1>\n<hr \/>\n<ul>\n<li><strong data-start=\"161\" data-end=\"212\">C\u00e1mara domo PT fija Hikvision DS-2CE70D0T-PTLTS<\/strong> con video <strong data-start=\"223\" data-end=\"253\">Full HD 2 MP (1920 \u00d7 1080)<\/strong> para vigilancia clara y n\u00edtida.<\/li>\n<li>Equipado con <strong data-start=\"341\" data-end=\"374\">lente fijo de 2.8 mm o 3.6 mm<\/strong> con amplio \u00e1ngulo de visi\u00f3n.<\/li>\n<li><strong data-start=\"446\" data-end=\"468\">Smart Hybrid Light<\/strong> combina <strong data-start=\"477\" data-end=\"506\">luz infrarroja hasta 25 m<\/strong> con <strong data-start=\"511\" data-end=\"536\">luz blanca hasta 20 m<\/strong> para visi\u00f3n nocturna mejorada.<\/li>\n<li>Soporta <strong data-start=\"618\" data-end=\"661\">alimentaci\u00f3n 12 VDC y consumo eficiente<\/strong>, ideal para instalaciones profesionales.<\/li>\n<li><strong data-start=\"745\" data-end=\"778\">Audio bidireccional integrado<\/strong> con <strong data-start=\"783\" data-end=\"806\">micr\u00f3fono y altavoz<\/strong> para comunicaci\u00f3n en tiempo real.<\/li>\n<li><strong data-start=\"1022\" data-end=\"1057\">Tecnolog\u00edas de mejora de imagen<\/strong> como dWDR, BLC y HLC para grabaciones m\u00e1s claras en escenas con luz dif\u00edcil.<\/li>\n<li><strong data-start=\"1316\" data-end=\"1357\">Pan (0\u00b0\u2013360\u00b0) y tilt (0\u00b0\u2013100\u00b0) manual<\/strong> permiten ajustar f\u00e1cilmente el \u00e1ngulo de visi\u00f3n deseado.<\/li>\n<li>Compatible con <strong data-start=\"898\" data-end=\"922\">TVI, AHD, CVI y CVBS<\/strong>, facilitando integraci\u00f3n con diferentes DVRs existentes.<\/li>\n<li>Ideal para <strong data-start=\"1468\" data-end=\"1534\">interiores y exteriores con diversas necesidades de vigilancia<\/strong>, combinando video y audio en un solo sistema. <span style=\"color: #ff0000;\"><b><br \/>\n<a href=\"https:\/\/ciberdata.com.pe\/wp-content\/uploads\/2026\/02\/AWAW.svg\"><img loading=\"lazy\" decoding=\"async\" class=\"wp-image-2205 alignright\" role=\"img\" src=\"https:\/\/ciberdata.com.pe\/wp-content\/uploads\/2026\/02\/AWAW.svg\" alt=\"\" width=\"237\" height=\"30\" \/><\/a><\/b><\/span><\/li>\n<\/ul>\n","protected":false},"excerpt":{"rendered":"<p>CARACTERISTICAS \u2713 C\u00e1mara domo PT fija Hikvision DS-2CE70D0T-PTLTS con video Full HD 2 MP (1920 \u00d7 1080) para vigilancia clara<\/p>\n","protected":false},"featured_media":2254,"comment_status":"open","ping_status":"closed","template":"","meta":[],"product_brand":[136],"product_cat":[130,163,158,157,164],"product_tag":[],"class_list":{"0":"post-2252","1":"product","2":"type-product","3":"status-publish","4":"has-post-thumbnail","6":"product_brand-hikvision","7":"product_cat-camaras-de-seguridad","8":"product_cat-camaras-ptz","9":"product_cat-exterior-ip","10":"product_cat-interior-ip","11":"product_cat-ptz-analogas","13":"first","14":"instock","15":"sale","16":"taxable","17":"shipping-taxable","18":"purchasable","19":"product-type-simple"},"_links":{"self":[{"href":"https:\/\/ciberdata.com.pe\/index.php\/wp-json\/wp\/v2\/product\/2252","targetHints":{"allow":["GET"]}}],"collection":[{"href":"https:\/\/ciberdata.com.pe\/index.php\/wp-json\/wp\/v2\/product"}],"about":[{"href":"https:\/\/ciberdata.com.pe\/index.php\/wp-json\/wp\/v2\/types\/product"}],"replies":[{"embeddable":true,"href":"https:\/\/ciberdata.com.pe\/index.php\/wp-json\/wp\/v2\/comments?post=2252"}],"wp:featuredmedia":[{"embeddable":true,"href":"https:\/\/ciberdata.com.pe\/index.php\/wp-json\/wp\/v2\/media\/2254"}],"wp:attachment":[{"href":"https:\/\/ciberdata.com.pe\/index.php\/wp-json\/wp\/v2\/media?parent=2252"}],"wp:term":[{"taxonomy":"product_brand","embeddable":true,"href":"https:\/\/ciberdata.com.pe\/index.php\/wp-json\/wp\/v2\/product_brand?post=2252"},{"taxonomy":"product_cat","embeddable":true,"href":"https:\/\/ciberdata.com.pe\/index.php\/wp-json\/wp\/v2\/product_cat?post=2252"},{"taxonomy":"product_tag","embeddable":true,"href":"https:\/\/ciberdata.com.pe\/index.php\/wp-json\/wp\/v2\/product_tag?post=2252"}],"curies":[{"name":"wp","href":"https:\/\/api.w.org\/{rel}","templated":true}]}}