{"id":2225,"date":"2026-02-16T10:26:47","date_gmt":"2026-02-16T15:26:47","guid":{"rendered":"https:\/\/ciberdata.com.pe\/?post_type=product&#038;p=2225"},"modified":"2026-02-16T10:46:53","modified_gmt":"2026-02-16T15:46:53","slug":"hikvision-tubo-ip-4mp-exterior-con-audio-ir-30m","status":"publish","type":"product","link":"https:\/\/ciberdata.com.pe\/index.php\/producto\/hikvision-tubo-ip-4mp-exterior-con-audio-ir-30m\/","title":{"rendered":"HIKVISION TUBO IP 4MP EXTERIOR CON AUDIO IR 30M"},"content":{"rendered":"<h1><span style=\"color: #ff0000;\"><strong>CARACTERISTICAS \u2713<\/strong><\/span><\/h1>\n<hr \/>\n<ul>\n<li><strong data-start=\"156\" data-end=\"186\">C\u00e1mara IP TUBO 4 MP<\/strong> con resoluci\u00f3n hasta <strong data-start=\"208\" data-end=\"223\">2560 \u00d7 1440<\/strong> para video detallado.<\/li>\n<li><strong data-start=\"802\" data-end=\"825\">Micr\u00f3fono integrado<\/strong> (-UF) para capturar <strong data-start=\"846\" data-end=\"870\">audio en tiempo real<\/strong> con seguridad.<\/li>\n<li>Sensor <strong data-start=\"295\" data-end=\"330\">1\/3\u2033 CMOS de escaneo progresivo<\/strong> que mejora la calidad de imagen.<\/li>\n<li><strong data-start=\"406\" data-end=\"433\">IR inteligente EXIR 2.0<\/strong> con alcance de hasta <strong data-start=\"455\" data-end=\"463\">30 m<\/strong> para visi\u00f3n nocturna clara.<\/li>\n<li>Cuenta con <strong data-start=\"674\" data-end=\"691\">WDR de 120 dB<\/strong> y <strong data-start=\"694\" data-end=\"704\">3D DNR<\/strong> para mejor rendimiento en escenas con luz contrastada.<\/li>\n<li>Dise\u00f1o resistente <strong data-start=\"1059\" data-end=\"1087\">IP67 contra polvo y agua<\/strong>, ideal para interiores y exteriores.<\/li>\n<li>Soporta <strong data-start=\"936\" data-end=\"971\">tarjeta microSD de hasta 256 GB<\/strong> para almacenamiento local.<\/li>\n<li>Compatible con <strong data-start=\"1182\" data-end=\"1230\">PoE (alimentaci\u00f3n y datos por un solo cable)<\/strong> para instalaci\u00f3n sencilla.<\/li>\n<li>Incluye funciones inteligentes como <strong data-start=\"1336\" data-end=\"1380\">detecci\u00f3n de movimiento y notificaciones<\/strong>, m\u00e1s protecci\u00f3n con contrase\u00f1a y m\u00e1scara de privacidad. <span style=\"color: #ff0000;\"><b><br \/>\n<a href=\"https:\/\/ciberdata.com.pe\/wp-content\/uploads\/2026\/02\/AWAW.svg\"><img loading=\"lazy\" decoding=\"async\" class=\"wp-image-2205 alignright\" role=\"img\" src=\"https:\/\/ciberdata.com.pe\/wp-content\/uploads\/2026\/02\/AWAW.svg\" alt=\"\" width=\"237\" height=\"30\" \/><\/a><\/b><\/span><\/li>\n<\/ul>\n","protected":false},"excerpt":{"rendered":"<p>CARACTERISTICAS \u2713 C\u00e1mara IP TUBO 4 MP con resoluci\u00f3n hasta 2560 \u00d7 1440 para video detallado. Micr\u00f3fono integrado (-UF) para<\/p>\n","protected":false},"featured_media":2226,"comment_status":"open","ping_status":"closed","template":"","meta":[],"product_brand":[136],"product_cat":[130,149,158],"product_tag":[],"class_list":{"0":"post-2225","1":"product","2":"type-product","3":"status-publish","4":"has-post-thumbnail","6":"product_brand-hikvision","7":"product_cat-camaras-de-seguridad","8":"product_cat-camaras-ip","9":"product_cat-exterior-ip","11":"first","12":"instock","13":"sale","14":"taxable","15":"shipping-taxable","16":"purchasable","17":"product-type-simple"},"_links":{"self":[{"href":"https:\/\/ciberdata.com.pe\/index.php\/wp-json\/wp\/v2\/product\/2225","targetHints":{"allow":["GET"]}}],"collection":[{"href":"https:\/\/ciberdata.com.pe\/index.php\/wp-json\/wp\/v2\/product"}],"about":[{"href":"https:\/\/ciberdata.com.pe\/index.php\/wp-json\/wp\/v2\/types\/product"}],"replies":[{"embeddable":true,"href":"https:\/\/ciberdata.com.pe\/index.php\/wp-json\/wp\/v2\/comments?post=2225"}],"wp:featuredmedia":[{"embeddable":true,"href":"https:\/\/ciberdata.com.pe\/index.php\/wp-json\/wp\/v2\/media\/2226"}],"wp:attachment":[{"href":"https:\/\/ciberdata.com.pe\/index.php\/wp-json\/wp\/v2\/media?parent=2225"}],"wp:term":[{"taxonomy":"product_brand","embeddable":true,"href":"https:\/\/ciberdata.com.pe\/index.php\/wp-json\/wp\/v2\/product_brand?post=2225"},{"taxonomy":"product_cat","embeddable":true,"href":"https:\/\/ciberdata.com.pe\/index.php\/wp-json\/wp\/v2\/product_cat?post=2225"},{"taxonomy":"product_tag","embeddable":true,"href":"https:\/\/ciberdata.com.pe\/index.php\/wp-json\/wp\/v2\/product_tag?post=2225"}],"curies":[{"name":"wp","href":"https:\/\/api.w.org\/{rel}","templated":true}]}}