{"id":2216,"date":"2026-02-14T18:32:37","date_gmt":"2026-02-14T23:32:37","guid":{"rendered":"https:\/\/ciberdata.com.pe\/?post_type=product&#038;p=2216"},"modified":"2026-02-16T10:00:00","modified_gmt":"2026-02-16T15:00:00","slug":"hikvision-tubo-ip-2mp-1080p-exteriorsmart-hybrid-lightcon-audio-ir-30m","status":"publish","type":"product","link":"https:\/\/ciberdata.com.pe\/index.php\/producto\/hikvision-tubo-ip-2mp-1080p-exteriorsmart-hybrid-lightcon-audio-ir-30m\/","title":{"rendered":"HIKVISION TUBO IP 2MP 1080p EXTERIOR,SMART HYBRID LIGHT,CON AUDIO IR 30M"},"content":{"rendered":"<h1><span style=\"color: #ff0000;\"><strong>CARACTERISTICAS \u2713<\/strong><\/span><\/h1>\n<hr \/>\n<ul>\n<li>C\u00e1mara <strong data-start=\"154\" data-end=\"183\">IP tipo tubo de 2 MP<\/strong> con resoluci\u00f3n Full HD 1080p para im\u00e1genes claras y detalladas.<\/li>\n<li>Sensor <strong data-start=\"297\" data-end=\"329\">1\/2.9\u2033 Progressive Scan CMOS<\/strong> con alta sensibilidad incluso en condiciones de poca luz.<\/li>\n<li>Tecnolog\u00eda <strong data-start=\"441\" data-end=\"463\">Smart Hybrid Light<\/strong> con luz infrarroja y blanca para visi\u00f3n nocturna de hasta <strong data-start=\"522\" data-end=\"530\">30 m<\/strong> y colores m\u00e1s vivos.<\/li>\n<li><strong data-start=\"594\" data-end=\"617\">Micr\u00f3fono integrado<\/strong> que permite capturar audio junto con el video.<\/li>\n<li>Soporta compresi\u00f3n de v\u00eddeo <strong data-start=\"735\" data-end=\"758\">H.265+\/H.265\/H.264+<\/strong> para ahorro de ancho de banda y almacenamiento.<\/li>\n<li>Lente fija de <strong data-start=\"863\" data-end=\"880\">2.8 mm o 4 mm<\/strong> con \u00e1ngulos de visi\u00f3n amplios seg\u00fan la versi\u00f3n.<\/li>\n<li>Compatibilidad con plataformas de gesti\u00f3n y acceso remoto como <strong data-start=\"1169\" data-end=\"1184\">Hik-Connect<\/strong> y ONVIF.<\/li>\n<li>Construcci\u00f3n con protecci\u00f3n <strong data-start=\"1264\" data-end=\"1272\">IP67<\/strong> contra polvo y agua para uso en exteriores e interiores.<\/li>\n<li style=\"text-align: left;\"><span style=\"color: #ff0000;\"><span style=\"color: #000000;\">Alimentaci\u00f3n <strong>PoE.<\/strong><\/span><b><br \/>\n<a href=\"https:\/\/ciberdata.com.pe\/wp-content\/uploads\/2026\/02\/AWAW.svg\"><img loading=\"lazy\" decoding=\"async\" class=\"wp-image-2205 alignright\" role=\"img\" src=\"https:\/\/ciberdata.com.pe\/wp-content\/uploads\/2026\/02\/AWAW.svg\" alt=\"\" width=\"237\" height=\"30\" \/><\/a><\/b><\/span><\/li>\n<\/ul>\n","protected":false},"excerpt":{"rendered":"<p>CARACTERISTICAS \u2713 C\u00e1mara IP tipo tubo de 2 MP con resoluci\u00f3n Full HD 1080p para im\u00e1genes claras y detalladas. Sensor<\/p>\n","protected":false},"featured_media":2220,"comment_status":"open","ping_status":"closed","template":"","meta":[],"product_brand":[136],"product_cat":[130,149,158],"product_tag":[],"class_list":{"0":"post-2216","1":"product","2":"type-product","3":"status-publish","4":"has-post-thumbnail","6":"product_brand-hikvision","7":"product_cat-camaras-de-seguridad","8":"product_cat-camaras-ip","9":"product_cat-exterior-ip","11":"first","12":"instock","13":"sale","14":"taxable","15":"shipping-taxable","16":"purchasable","17":"product-type-simple"},"_links":{"self":[{"href":"https:\/\/ciberdata.com.pe\/index.php\/wp-json\/wp\/v2\/product\/2216","targetHints":{"allow":["GET"]}}],"collection":[{"href":"https:\/\/ciberdata.com.pe\/index.php\/wp-json\/wp\/v2\/product"}],"about":[{"href":"https:\/\/ciberdata.com.pe\/index.php\/wp-json\/wp\/v2\/types\/product"}],"replies":[{"embeddable":true,"href":"https:\/\/ciberdata.com.pe\/index.php\/wp-json\/wp\/v2\/comments?post=2216"}],"wp:featuredmedia":[{"embeddable":true,"href":"https:\/\/ciberdata.com.pe\/index.php\/wp-json\/wp\/v2\/media\/2220"}],"wp:attachment":[{"href":"https:\/\/ciberdata.com.pe\/index.php\/wp-json\/wp\/v2\/media?parent=2216"}],"wp:term":[{"taxonomy":"product_brand","embeddable":true,"href":"https:\/\/ciberdata.com.pe\/index.php\/wp-json\/wp\/v2\/product_brand?post=2216"},{"taxonomy":"product_cat","embeddable":true,"href":"https:\/\/ciberdata.com.pe\/index.php\/wp-json\/wp\/v2\/product_cat?post=2216"},{"taxonomy":"product_tag","embeddable":true,"href":"https:\/\/ciberdata.com.pe\/index.php\/wp-json\/wp\/v2\/product_tag?post=2216"}],"curies":[{"name":"wp","href":"https:\/\/api.w.org\/{rel}","templated":true}]}}