{"id":2211,"date":"2026-02-14T15:38:03","date_gmt":"2026-02-14T20:38:03","guid":{"rendered":"https:\/\/ciberdata.com.pe\/?post_type=product&#038;p=2211"},"modified":"2026-02-14T15:41:13","modified_gmt":"2026-02-14T20:41:13","slug":"hikvision-domo-5mp-3k-interiorsmart-hybrid-lightcon-audio-ir-20m","status":"publish","type":"product","link":"https:\/\/ciberdata.com.pe\/index.php\/producto\/hikvision-domo-5mp-3k-interiorsmart-hybrid-lightcon-audio-ir-20m\/","title":{"rendered":"HIKVISION DOMO 5MP 3K INTERIOR,SMART HYBRID LIGHT,CON AUDIO IR 20M"},"content":{"rendered":"<h1><span style=\"color: #ff0000;\"><strong>CARACTERISTICAS \u2713<\/strong><\/span><\/h1>\n<hr \/>\n<ul>\n<li>C\u00e1mara tipo <strong data-start=\"141\" data-end=\"189\">domo con resoluci\u00f3n 3K (2960\u202f\u00d7\u202f1665)<\/strong> para mayor detalle en vigilancia.<\/li>\n<li>Sensor <strong data-start=\"273\" data-end=\"284\">3K CMOS<\/strong> que proporciona im\u00e1genes claras y n\u00edtidas incluso en condiciones de luz baja.<\/li>\n<li><strong data-start=\"405\" data-end=\"427\">Smart Hybrid Light<\/strong> con luz infrarroja y luz blanca hasta <strong data-start=\"466\" data-end=\"474\">20\u202fm<\/strong> para visi\u00f3n nocturna efectiva.<\/li>\n<li><strong data-start=\"548\" data-end=\"571\">Micr\u00f3fono integrado<\/strong> con audio transmitido por el mismo cable coaxial para grabaci\u00f3n de sonido.<\/li>\n<li>Compatible con <strong data-start=\"704\" data-end=\"724\">TVI\/AHD\/CVI\/CVBS<\/strong> usando un solo conector 4\u2011en\u20111 para flexibilidad de instalaci\u00f3n.<\/li>\n<li>Opci\u00f3n de lentes <strong data-start=\"849\" data-end=\"868\">2.8\u202fmm o 3.6\u202fmm<\/strong> para ajustar el campo de visi\u00f3n seg\u00fan el \u00e1rea a monitorear.<\/li>\n<li>Soporta <strong data-start=\"979\" data-end=\"998\">DWDR, BLC y HLC<\/strong> para mejorar la calidad de imagen en condiciones de alto contraste.<\/li>\n<li>Ajustes de imagen de brillo y nitidez configurables para optimizar la captura.<\/li>\n<li style=\"text-align: left;\">F\u00e1cil integraci\u00f3n en sistemas de videovigilancia anal\u00f3gicos existentes.<b><\/b><span style=\"color: #ff0000;\"><b><br \/>\n<a href=\"https:\/\/ciberdata.com.pe\/wp-content\/uploads\/2026\/02\/AWAW.svg\"><img loading=\"lazy\" decoding=\"async\" class=\"wp-image-2205 alignright\" role=\"img\" src=\"https:\/\/ciberdata.com.pe\/wp-content\/uploads\/2026\/02\/AWAW.svg\" alt=\"\" width=\"237\" height=\"30\" \/><\/a><\/b><\/span><\/li>\n<\/ul>\n","protected":false},"excerpt":{"rendered":"<p>CARACTERISTICAS \u2713 C\u00e1mara tipo domo con resoluci\u00f3n 3K (2960\u202f\u00d7\u202f1665) para mayor detalle en vigilancia. Sensor 3K CMOS que proporciona im\u00e1genes<\/p>\n","protected":false},"featured_media":2209,"comment_status":"open","ping_status":"closed","template":"","meta":[],"product_brand":[136],"product_cat":[153,130,154],"product_tag":[],"class_list":{"0":"post-2211","1":"product","2":"type-product","3":"status-publish","4":"has-post-thumbnail","6":"product_brand-hikvision","7":"product_cat-camaras-analogas","8":"product_cat-camaras-de-seguridad","9":"product_cat-interior","11":"first","12":"instock","13":"sale","14":"taxable","15":"shipping-taxable","16":"purchasable","17":"product-type-simple"},"_links":{"self":[{"href":"https:\/\/ciberdata.com.pe\/index.php\/wp-json\/wp\/v2\/product\/2211","targetHints":{"allow":["GET"]}}],"collection":[{"href":"https:\/\/ciberdata.com.pe\/index.php\/wp-json\/wp\/v2\/product"}],"about":[{"href":"https:\/\/ciberdata.com.pe\/index.php\/wp-json\/wp\/v2\/types\/product"}],"replies":[{"embeddable":true,"href":"https:\/\/ciberdata.com.pe\/index.php\/wp-json\/wp\/v2\/comments?post=2211"}],"wp:featuredmedia":[{"embeddable":true,"href":"https:\/\/ciberdata.com.pe\/index.php\/wp-json\/wp\/v2\/media\/2209"}],"wp:attachment":[{"href":"https:\/\/ciberdata.com.pe\/index.php\/wp-json\/wp\/v2\/media?parent=2211"}],"wp:term":[{"taxonomy":"product_brand","embeddable":true,"href":"https:\/\/ciberdata.com.pe\/index.php\/wp-json\/wp\/v2\/product_brand?post=2211"},{"taxonomy":"product_cat","embeddable":true,"href":"https:\/\/ciberdata.com.pe\/index.php\/wp-json\/wp\/v2\/product_cat?post=2211"},{"taxonomy":"product_tag","embeddable":true,"href":"https:\/\/ciberdata.com.pe\/index.php\/wp-json\/wp\/v2\/product_tag?post=2211"}],"curies":[{"name":"wp","href":"https:\/\/api.w.org\/{rel}","templated":true}]}}