{"id":1888,"date":"2026-02-03T18:12:52","date_gmt":"2026-02-03T23:12:52","guid":{"rendered":"https:\/\/ciberdata.com.pe\/?post_type=product&#038;p=1888"},"modified":"2026-02-04T10:00:25","modified_gmt":"2026-02-04T15:00:25","slug":"ezviz-nvr-r5c-de-8ch-nas","status":"publish","type":"product","link":"https:\/\/ciberdata.com.pe\/index.php\/producto\/ezviz-nvr-r5c-de-8ch-nas\/","title":{"rendered":"EZVIZ NVR R5C DE 8CH NAS"},"content":{"rendered":"<h1><span style=\"color: #99cc00;\"><strong>CARACTERISTICAS \u2713<\/strong><\/span><\/h1>\n<hr \/>\n<ul>\n<li><strong>Tipo de dispositivo:<\/strong> NAS (Network Attached Storage) dise\u00f1ado para videovigilancia con c\u00e1maras EZVIZ.<\/li>\n<li><strong>Capacidad m\u00e1xima:<\/strong> Admite discos duros SATA de 2.5\u201d y 3.5\u201d con hasta <strong>8 TB<\/strong> de almacenamiento.<\/li>\n<li><strong>Resoluci\u00f3n soportada:<\/strong> Compatible con grabaci\u00f3n y reproducci\u00f3n en <strong>4K Ultra HD<\/strong><\/li>\n<li><strong>Conectividad:<\/strong> Puerto <strong>LAN RJ-45<\/strong> para conexi\u00f3n estable a la red.<\/li>\n<li><strong>Puertos adicionales:<\/strong> Incluye <strong>USB 2.0<\/strong> para dispositivos externos.<\/li>\n<li><strong>Gesti\u00f3n remota:<\/strong> Control y configuraci\u00f3n mediante la <strong>app EZVIZ<\/strong> y tambi\u00e9n con <strong>HIKBOX<\/strong>.<\/li>\n<li><strong>Canales de c\u00e1maras:<\/strong> Soporta hasta <strong>8 canales<\/strong> de videovigilancia simult\u00e1neos.<\/li>\n<li><strong>Funciones de ahorro energ\u00e9tico:<\/strong> Hibernaci\u00f3n y encendido programado del disco duro.<\/li>\n<li><strong>Sistema de refrigeraci\u00f3n:<\/strong> Ventilador con modos de velocidad ajustables para mejor disipaci\u00f3n de calor.<\/li>\n<li><strong>Dise\u00f1o compacto:<\/strong> Dimensiones de <strong>186 \u00d7 138 \u00d7 50 mm<\/strong> y peso de <strong>0.75 kg<\/strong>, con <strong>1 a\u00f1o de garant\u00eda<\/strong>.<\/li>\n<\/ul>\n","protected":false},"excerpt":{"rendered":"<p>CARACTERISTICAS \u2713 Tipo de dispositivo: NAS (Network Attached Storage) dise\u00f1ado para videovigilancia con c\u00e1maras EZVIZ. Capacidad m\u00e1xima: Admite discos duros<\/p>\n","protected":false},"featured_media":1889,"comment_status":"open","ping_status":"closed","template":"","meta":[],"product_brand":[135],"product_cat":[184,147,185],"product_tag":[141,140],"class_list":{"0":"post-1888","1":"product","2":"type-product","3":"status-publish","4":"has-post-thumbnail","6":"product_brand-ezviz","7":"product_cat-grabador-de-videovigilancia","8":"product_cat-grabadores-de-videovigilancia-y-almacenamiento","9":"product_cat-nvr-ezviz","10":"product_tag-ezviz","11":"product_tag-wifi","13":"first","14":"instock","15":"sale","16":"taxable","17":"shipping-taxable","18":"purchasable","19":"product-type-simple"},"_links":{"self":[{"href":"https:\/\/ciberdata.com.pe\/index.php\/wp-json\/wp\/v2\/product\/1888","targetHints":{"allow":["GET"]}}],"collection":[{"href":"https:\/\/ciberdata.com.pe\/index.php\/wp-json\/wp\/v2\/product"}],"about":[{"href":"https:\/\/ciberdata.com.pe\/index.php\/wp-json\/wp\/v2\/types\/product"}],"replies":[{"embeddable":true,"href":"https:\/\/ciberdata.com.pe\/index.php\/wp-json\/wp\/v2\/comments?post=1888"}],"wp:featuredmedia":[{"embeddable":true,"href":"https:\/\/ciberdata.com.pe\/index.php\/wp-json\/wp\/v2\/media\/1889"}],"wp:attachment":[{"href":"https:\/\/ciberdata.com.pe\/index.php\/wp-json\/wp\/v2\/media?parent=1888"}],"wp:term":[{"taxonomy":"product_brand","embeddable":true,"href":"https:\/\/ciberdata.com.pe\/index.php\/wp-json\/wp\/v2\/product_brand?post=1888"},{"taxonomy":"product_cat","embeddable":true,"href":"https:\/\/ciberdata.com.pe\/index.php\/wp-json\/wp\/v2\/product_cat?post=1888"},{"taxonomy":"product_tag","embeddable":true,"href":"https:\/\/ciberdata.com.pe\/index.php\/wp-json\/wp\/v2\/product_tag?post=1888"}],"curies":[{"name":"wp","href":"https:\/\/api.w.org\/{rel}","templated":true}]}}