{"id":1884,"date":"2026-02-03T17:56:57","date_gmt":"2026-02-03T22:56:57","guid":{"rendered":"https:\/\/ciberdata.com.pe\/?post_type=product&#038;p=1884"},"modified":"2026-02-03T18:12:46","modified_gmt":"2026-02-03T23:12:46","slug":"ezviz-nvr-x5s-de-8ch-2","status":"publish","type":"product","link":"https:\/\/ciberdata.com.pe\/index.php\/producto\/ezviz-nvr-x5s-de-8ch-2\/","title":{"rendered":"EZVIZ NVR X5S DE 8CH"},"content":{"rendered":"<h1><span style=\"color: #99cc00;\"><strong>CARACTERISTICAS \u2713<\/strong><\/span><\/h1>\n<hr \/>\n<ul>\n<li>Soporta hasta <strong>8 c\u00e1maras IP<\/strong> para una cobertura amplia y centralizada.<\/li>\n<li><strong>Grabaci\u00f3n en alta definici\u00f3n<\/strong> con compresi\u00f3n H.265 que reduce consumo de espacio y ancho de banda.<\/li>\n<li>Compatible con <strong>c\u00e1maras EZVIZ y protocolo ONVIF<\/strong>, asegurando integraci\u00f3n flexible.<\/li>\n<li><strong>Acceso remoto<\/strong> mediante la aplicaci\u00f3n EZVIZ, con visualizaci\u00f3n en tiempo real desde cualquier lugar.<\/li>\n<li><strong>Interfaz HDMI y VGA<\/strong> para conexi\u00f3n directa a monitores de alta resoluci\u00f3n.<\/li>\n<li>Admite <strong>discos duros de gran capacidad<\/strong>, permitiendo grabaci\u00f3n continua y segura.<\/li>\n<li><strong>Funciones inteligentes de detecci\u00f3n de movimiento<\/strong> con alertas inmediatas al usuario.<\/li>\n<li><strong>Configuraci\u00f3n sencilla<\/strong> con instalaci\u00f3n r\u00e1pida y amigable para el usuario.<\/li>\n<li><strong>Dise\u00f1o compacto y moderno<\/strong>, f\u00e1cil de ubicar en hogares o negocios.<\/li>\n<li><strong>Estabilidad y rendimiento constante<\/strong>, asegurando vigilancia 24\/7 sin interrupciones.<\/li>\n<\/ul>\n","protected":false},"excerpt":{"rendered":"<p>CARACTERISTICAS \u2713 Soporta hasta 8 c\u00e1maras IP para una cobertura amplia y centralizada. Grabaci\u00f3n en alta definici\u00f3n con compresi\u00f3n H.265<\/p>\n","protected":false},"featured_media":1878,"comment_status":"open","ping_status":"closed","template":"","meta":[],"product_brand":[135],"product_cat":[184,147,185],"product_tag":[141,140],"class_list":{"0":"post-1884","1":"product","2":"type-product","3":"status-publish","4":"has-post-thumbnail","6":"product_brand-ezviz","7":"product_cat-grabador-de-videovigilancia","8":"product_cat-grabadores-de-videovigilancia-y-almacenamiento","9":"product_cat-nvr-ezviz","10":"product_tag-ezviz","11":"product_tag-wifi","13":"first","14":"instock","15":"sale","16":"taxable","17":"shipping-taxable","18":"purchasable","19":"product-type-simple"},"_links":{"self":[{"href":"https:\/\/ciberdata.com.pe\/index.php\/wp-json\/wp\/v2\/product\/1884","targetHints":{"allow":["GET"]}}],"collection":[{"href":"https:\/\/ciberdata.com.pe\/index.php\/wp-json\/wp\/v2\/product"}],"about":[{"href":"https:\/\/ciberdata.com.pe\/index.php\/wp-json\/wp\/v2\/types\/product"}],"replies":[{"embeddable":true,"href":"https:\/\/ciberdata.com.pe\/index.php\/wp-json\/wp\/v2\/comments?post=1884"}],"wp:featuredmedia":[{"embeddable":true,"href":"https:\/\/ciberdata.com.pe\/index.php\/wp-json\/wp\/v2\/media\/1878"}],"wp:attachment":[{"href":"https:\/\/ciberdata.com.pe\/index.php\/wp-json\/wp\/v2\/media?parent=1884"}],"wp:term":[{"taxonomy":"product_brand","embeddable":true,"href":"https:\/\/ciberdata.com.pe\/index.php\/wp-json\/wp\/v2\/product_brand?post=1884"},{"taxonomy":"product_cat","embeddable":true,"href":"https:\/\/ciberdata.com.pe\/index.php\/wp-json\/wp\/v2\/product_cat?post=1884"},{"taxonomy":"product_tag","embeddable":true,"href":"https:\/\/ciberdata.com.pe\/index.php\/wp-json\/wp\/v2\/product_tag?post=1884"}],"curies":[{"name":"wp","href":"https:\/\/api.w.org\/{rel}","templated":true}]}}