{"id":1503,"date":"2026-01-28T11:53:52","date_gmt":"2026-01-28T16:53:52","guid":{"rendered":"https:\/\/ciberdata.com.pe\/?post_type=product&#038;p=1503"},"modified":"2026-03-22T12:15:15","modified_gmt":"2026-03-22T17:15:15","slug":"tapo-c211-3mp-2k","status":"publish","type":"product","link":"https:\/\/ciberdata.com.pe\/index.php\/producto\/tapo-c211-3mp-2k\/","title":{"rendered":"TAPO C211 3MP 2K"},"content":{"rendered":"<div class=\"wpb-content-wrapper\"><p>[vc_row][vc_column][vc_column_text css=\u00bb\u00bb woodmart_inline=\u00bbno\u00bb text_larger=\u00bbno\u00bb]<span style=\"color: #3366ff;\"><strong style=\"font-size: 28px;\"><strong>CARACTERISTICAS\u2713:\u00a0<\/strong><\/strong><\/span><\/p>\n<ul>\n<li>Resoluci\u00f3n 2K 3MP: Captura im\u00e1genes y videos n\u00edtidos con gran nivel de detalle.<\/li>\n<li>Visi\u00f3n panor\u00e1mica 360\u00b0: Cobertura horizontal completa y 114\u00b0 vertical, sin puntos ciegos.<\/li>\n<li>Visi\u00f3n nocturna avanzada: Alcance de hasta 9 metros, garantizando vigilancia incluso en la oscuridad.<\/li>\n<li>Detecci\u00f3n de movimiento con notificaciones instant\u00e1neas: Alertas autom\u00e1ticas al detectar actividad.<\/li>\n<li>Seguimiento de movimiento: La c\u00e1mara rastrea y sigue al sujeto en tiempo real.<\/li>\n<li>Audio bidireccional: Comunicaci\u00f3n clara gracias al micr\u00f3fono y altavoz integrados.<\/li>\n<li>Zonas de privacidad: Configura \u00e1reas espec\u00edficas para proteger tu intimidad.<\/li>\n<li>Compatibilidad con Tapo Care: Funciones adicionales como detecci\u00f3n de llanto de beb\u00e9 y almacenamiento en la nube.<\/li>\n<li>Instalaci\u00f3n sencilla: Conexi\u00f3n Wi-Fi y control total desde la aplicaci\u00f3n Tapo.<b style=\"color: #ff0000;\"><img loading=\"lazy\" decoding=\"async\" class=\"wp-image-2330 alignright\" role=\"img\" src=\"https:\/\/ciberdata.com.pe\/wp-content\/uploads\/2026\/02\/logo-1-300x119.png\" alt=\"\" width=\"181\" height=\"72\" srcset=\"https:\/\/ciberdata.com.pe\/wp-content\/uploads\/2026\/02\/logo-1-300x119.png 300w, https:\/\/ciberdata.com.pe\/wp-content\/uploads\/2026\/02\/logo-1-150x59.png 150w, https:\/\/ciberdata.com.pe\/wp-content\/uploads\/2026\/02\/logo-1.png 646w\" sizes=\"auto, (max-width: 181px) 100vw, 181px\" \/><\/b><\/li>\n<\/ul>\n<p>[\/vc_column_text][\/vc_column][\/vc_row]<\/p>\n<\/div>","protected":false},"excerpt":{"rendered":"<p>[vc_row][vc_column][vc_column_text css=\u00bb\u00bb woodmart_inline=\u00bbno\u00bb text_larger=\u00bbno\u00bb]CARACTERISTICAS\u2713:\u00a0 Resoluci\u00f3n 2K 3MP: Captura im\u00e1genes y videos n\u00edtidos con gran nivel de detalle. Visi\u00f3n panor\u00e1mica 360\u00b0:<\/p>\n","protected":false},"featured_media":2145,"comment_status":"open","ping_status":"closed","template":"","meta":[],"product_brand":[179],"product_cat":[167,168],"product_tag":[180,140],"class_list":{"0":"post-1503","1":"product","2":"type-product","3":"status-publish","4":"has-post-thumbnail","6":"product_brand-tapo","7":"product_cat-camaras-innalambricas","8":"product_cat-camaras-interior","9":"product_tag-tapo","10":"product_tag-wifi","12":"first","13":"instock","14":"sale","15":"taxable","16":"shipping-taxable","17":"purchasable","18":"product-type-simple"},"_links":{"self":[{"href":"https:\/\/ciberdata.com.pe\/index.php\/wp-json\/wp\/v2\/product\/1503","targetHints":{"allow":["GET"]}}],"collection":[{"href":"https:\/\/ciberdata.com.pe\/index.php\/wp-json\/wp\/v2\/product"}],"about":[{"href":"https:\/\/ciberdata.com.pe\/index.php\/wp-json\/wp\/v2\/types\/product"}],"replies":[{"embeddable":true,"href":"https:\/\/ciberdata.com.pe\/index.php\/wp-json\/wp\/v2\/comments?post=1503"}],"wp:featuredmedia":[{"embeddable":true,"href":"https:\/\/ciberdata.com.pe\/index.php\/wp-json\/wp\/v2\/media\/2145"}],"wp:attachment":[{"href":"https:\/\/ciberdata.com.pe\/index.php\/wp-json\/wp\/v2\/media?parent=1503"}],"wp:term":[{"taxonomy":"product_brand","embeddable":true,"href":"https:\/\/ciberdata.com.pe\/index.php\/wp-json\/wp\/v2\/product_brand?post=1503"},{"taxonomy":"product_cat","embeddable":true,"href":"https:\/\/ciberdata.com.pe\/index.php\/wp-json\/wp\/v2\/product_cat?post=1503"},{"taxonomy":"product_tag","embeddable":true,"href":"https:\/\/ciberdata.com.pe\/index.php\/wp-json\/wp\/v2\/product_tag?post=1503"}],"curies":[{"name":"wp","href":"https:\/\/api.w.org\/{rel}","templated":true}]}}